05 divide 297047220?
False
Is 226 a factor of 834152892?
True
Is 699113030 a multiple of 55?
True
Is 446 a factor of 372641056?
False
Is 24 a factor of 167549928?
True
Is 19265329 a multiple of 15?
False
Is 1417597720 a multiple of 1711?
True
Does 237 divide 13707606?
True
Is 1231 a factor of 223161260?
False
Does 35 divide 785577186?
False
Is 4606 a factor of 306123972?
True
Does 787 divide 933030063?
False
Is 18 a factor of 14487575?
False
Does 149 divide 14606023?
True
Is 182600700 a multiple of 10?
True
Does 821 divide 46575330?
True
Is 16690688 a multiple of 512?
True
Is 61 a factor of 3197365191?
False
Is 6 a factor of 1492864806?
True
Does 11268 divide 1541203236?
True
Is 5 a factor of 8441398?
False
Is 3099705 a multiple of 557?
True
Is 115360478 a multiple of 26?
False
Is 10 a factor of 55414566?
False
Is 9323 a factor of 3947861642?
True
Does 1208 divide 7987296?
True
Does 7 divide 3693452?
True
Does 14 divide 586705608?
False
Is 4705935 a multiple of 719?
False
Does 526 divide 82327261?
False
Is 60 a factor of 44306910?
False
Is 2647620324 a multiple of 3468?
True
Does 1109 divide 153327160?
False
Is 139144677 a multiple of 357?
True
Is 11 a factor of 186912731?
False
Does 232 divide 220178672?
True
Is 5 a factor of 3549010?
True
Is 1878 a factor of 91691472?
True
Does 233 divide 155852206?
False
Is 8 a factor of 2300157176?
True
Is 459 a factor of 263642304?
False
Is 29 a factor of 3865958267?
False
Does 6 divide 693612096?
True
Is 844676896 a multiple of 98?
True
Is 3 a factor of 429719350?
False
Is 19 a factor of 149063099?
False
Is 5593509 a multiple of 730?
False
Does 366 divide 34653505?
False
Is 25224732 a multiple of 13?
True
Does 1481 divide 17760152?
True
Is 162 a factor of 230549368?
False
Is 26308902 a multiple of 1878?
True
Is 92802161 a multiple of 3?
False
Does 13 divide 727235737?
False
Is 20 a factor of 37409860?
True
Does 187 divide 9125413?
True
Does 6 divide 712876502?
False
Is 775 a factor of 6736777?
False
Does 3 divide 965276?
False
Is 117 a factor of 319787559?
True
Is 17 a factor of 13393705?
True
Does 3436 divide 71966508?
False
Is 51 a factor of 4151094?
True
Does 37 divide 1599557375?
False
Is 3459553 a multiple of 11?
False
Is 5468876689 a multiple of 10?
False
Is 292410538 a multiple of 1798?
True
Is 61 a factor of 40210187?
False
Does 185 divide 6804859?
False
Is 808 a factor of 1308619115?
False
Does 6741 divide 5892860862?
True
Does 61 divide 632895313?
True
Does 166 divide 37691130?
True
Is 177 a factor of 31632756?
False
Is 863 a factor of 16591757?
False
Does 22 divide 322249980?
False
Is 10868019 a multiple of 44?
False
Is 38506672 a multiple of 344?
True
Is 1697 a factor of 17551312?
False
Does 87 divide 5940371157?
False
Is 14761278 a multiple of 14?
True
Is 3186 a factor of 20514143?
False
Is 28 a factor of 1340875872?
True
Is 9 a factor of 219279332?
False
Is 825 a factor of 403198015?
False
Does 31 divide 91204427?
False
Is 46 a factor of 21835017?
False
Does 162 divide 57433412?
False
Is 34549350 a multiple of 25?
True
Is 18663726 a multiple of 562?
False
Is 167988164 a multiple of 4103?
False
Is 5043754814 a multiple of 36?
False
Is 118504892 a multiple of 902?
False
Is 7206 a factor of 3720536655?
False
Is 559652468 a multiple of 6593?
False
Does 6 divide 16332462?
True
Is 192 a factor of 4231663?
False
Does 989 divide 37667054?
True
Is 200217368 a multiple of 94?
True
Is 20436024 a multiple of 42?
True
Is 36 a factor of 104313454?
False
Is 120956834 even?
True
Is 206 a factor of 1222357444?
True
Does 24 divide 263330872?
False
Is 21957672 a multiple of 132?
True
Does 46 divide 181613934?
True
Is 173 a factor of 2938665?
False
Is 18325519 a multiple of 592?
False
Does 404 divide 5949697?
False
Is 74169433 a multiple of 13?
True
Is 27 a factor of 2996205795?
True
Is 90665722 a multiple of 52?
False
Is 200908158 a multiple of 22?
True
Is 2493530686 a multiple of 14?
False
Is 126 a factor of 642365388?
True
Does 599 divide 47524061?
True
Is 169 a factor of 1706361?
False
Is 26663999 a multiple of 616?
False
Is 809 a factor of 1939764616?
False
Is 754 a factor of 2002624?
True
Is 57220756 a multiple of 17?
False
Does 1344 divide 217918?
False
Does 388 divide 42047223?
False
Is 125690813 a multiple of 328?
False
Does 189 divide 12964688?
False
Is 172687331 a multiple of 1357?
False
Does 159 divide 72754241?
False
Does 12 divide 647618341?
False
Does 597 divide 117249591?
False
Does 71 divide 58480996?
True
Does 130 divide 31007990?
True
Is 8 a factor of 1324068?
False
Is 520 a factor of 71317349?
False
Is 9347849 a multiple of 663?
False
Does 418 divide 19520600?
True
Does 75 divide 21020850?
True
Is 13 a factor of 45564662?
True
Is 6472920 a multiple of 60?
True
Is 25 a factor of 6166075?
True
Is 34 a factor of 2533298871?
False
Does 6 divide 41061023?
False
Does 22 divide 204322822?
True
Is 100 a factor of 475835100?
True
Does 13 divide 94600757?
False
Is 5758 a factor of 1353594254?
False
Does 64 divide 200601152?
True
Does 112 divide 30143845?
False
Does 656 divide 32315593?
False
Is 224 a factor of 122805533?
False
Is 3 a factor of 950297078?
False
Is 2304 a factor of 56227340?
False
Is 461246572 a multiple of 43?
False
Is 73804205 a multiple of 10?
False
Is 17579054 a multiple of 1514?
True
Is 694579392 a multiple of 3404?
True
Is 500 a factor of 4386862?
False
Is 60 a factor of 23555703?
False
Is 12757008 a multiple of 132?
True
Does 11 divide 25590941?
False
Is 313 a factor of 2948638968?
False
Is 556831362 a multiple of 51?
True
Is 6 a factor of 8503170?
True
Does 3 divide 19954012?
False
Is 248324940 a multiple of 810?
True
Is 704127360 a multiple of 8?
True
Is 34 a factor of 24958307?
False
Is 84269204 a multiple of 44?
False
Is 17 a factor of 151986011?
False
Is 173 a factor of 299181129?
False
Does 533 divide 89210923?
False
Is 411096819 a multiple of 147?
True
Is 1977 a factor of 1070964?
False
Does 13 divide 147674124?
True
Is 60778710 a multiple of 3?
True
Does 19 divide 112254094?
False
Is 936 a factor of 130956696?
True
Does 75 divide 219565697?
False
Is 1240894 a multiple of 15?
False
Does 33 divide 67007688?
True
Is 16 a factor of 66190384?
True
Is 17 a factor of 50462426?
True
Is 936131273 a multiple of 3431?
False
Is 172046219 a multiple of 9?
False
Is 29 a factor of 384793176?
False
Is 52327742 a multiple of 2?
True
Does 252 divide 24127992?
True
Is 1307 a factor of 1880753395?
True
Is 3716341100 a multiple of 4529?
False
Is 98765168 a multiple of 316?
True
Is 234 a factor of 2058966?
True
Is 19978630 a multiple of 10?
True
Is 1038 a factor of 3123670916?
False
Is 44940262 a multiple of 2318?
False
Is 6 a factor of 13805615?
False
Does 757 divide 235306?
False
Does 37 divide 769070238?
False
Is 25870560 a multiple of 199?
False
Is 1328 a factor of 528331546?
False
Is 60744294 a multiple of 258?
True
Does 14 divide 236291830?
False
Is 2250987444 a multiple of 27?
False
Is 65 a factor of 8789560?
True
Is 57 a factor of 226866498?
True
Is 445757805 a multiple of 549?
True
Is 1618682068 a multiple of 74?
True
Is 30290868 a multiple of 262?
True
Does 141 divide 99357624?
True
Does 61 divide 3064923038?
False
Is 46543806 a multiple of 19?
True
Does 320 divide 3547749610?
False
Does 134 divide 127523076?
False
Is 30535204 a multiple of 133?
True
Is 22456774 a multiple of 157?
False
Does 14 divide 8234646?
True
Is 12 a factor of 103839076?
False
Does 4492 divide 2739009828?
False
Does 149 divide 196060489?
False
Is 161 a factor of 710228638?
True
Is 1930 a factor of 521403010?
True
Is 89602954 a multiple of 13?
False
Is 198 a factor of 267963513?
False
Is 46187648 a multiple of 164?
True
Is 3989 a factor of 177143674?
False
Does 19 divide 450144922?
True
Is 76 a factor of 15844067?
False
Is 863 a factor of 30419887?
True
Does 17 divide 823662342?
True
Does 51 divide 554421?
True
Is 2096 a factor of 430885200?
True
Is 50 a factor of 871409550?
True
Is 14465934 a multiple of 125?
False
Is 136 a factor of 13488951?
False
Is 7 a factor of 438531935?
False
Is 330245972 a multiple of 28?
True
Does 479 divide 23579692?
False
Is 15 a factor of 219753311?
False
Does 24 divide 27649152?
True
Is 191 a factor of 489440938?
True
Is 23730897 a multiple of 1345?
False
Is 74297031 a multip